{"id":412,"date":"2016-06-05T20:26:49","date_gmt":"2016-06-05T18:26:49","guid":{"rendered":"http:\/\/www.adivida.de\/?page_id=412"},"modified":"2016-06-05T22:54:03","modified_gmt":"2016-06-05T20:54:03","slug":"about-adivida","status":"publish","type":"page","link":"https:\/\/www.adivida.de\/?page_id=412","title":{"rendered":"About ADIVIDA"},"content":{"rendered":"<p>Wie der Titel bereits selbsterkl\u00e4rend vorangeht, dreht es sich hier um den Menschen, der auf diesem Blog als Hobbyphilosoph der Neuzeit agiert.<br \/>\nIch habe in meinem Leben schon etliche Texte verfasst, aber \u00fcber mich selbst zu schreiben ist die wohl schwierigste Aufgabe bislang.<\/p>\n<hr \/>\n<p>Dem aufmerksamen Leser ist es nicht entgangen, jedoch ist es der Einf\u00fchrung halber dienlich mit meinem Namen zu beginnen.<br \/>\nIch hei\u00dfe Annika, lebe in dem wundersch\u00f6nen, von Weinbergen gek\u00fcssten Baden-W\u00fcrttemberg und befinde mich nun seit \u00fcber 25 Jahren auf diesem Planeten.<\/p>\n<hr \/>\n<p>Als ich den Kindergarten verlassen hatte und im Begriff war die Grundschule unsicher zu machen, wollte ich Meeresbiologin werden.<br \/>\nZeit meines Lebens faszinieren mich Haie und zu den Dingen, die ich erleben m\u00f6chte, bevor ich diese Erde verlasse, geh\u00f6rt der Wunsch mit Haien zu schwimmen.<br \/>\nMeinem Berufswunsch wurde jedoch recht fr\u00fch im Deutschunterricht in den Hintern getreten, als ich mich hoffnungslos in Worte verliebt habe.<br \/>\nZusammenh\u00e4ngend mit dieser Liebe ist das absolute Chaos in meinem Kopf.<br \/>\nStell dir meinen Kopf wie die Wege im Bundestag vor &#8211; sie winden sich umeinander und sind quasi nie enden wollend.<br \/>\nMein Kopf und die befindliche Gedankenachterbahn darin br\u00fcllen mich den ganzen Tag ununterbrochen an, es ist ein Strudel aus bunten Worten, die alle gesagt werden wollen.<\/p>\n<p>Mit meinen ersten Aufs\u00e4tzen habe ich ein Mittel gefunden, diese Worte in die Welt zu tragen und das Gebr\u00fcll zumindest etwas b\u00e4ndigen zu k\u00f6nnen.<br \/>\nWorte und ich &#8211; es war Liebe auf den ersten Lamy-F\u00fcller-Strich.<\/p>\n<p>Durch einige negative Hinterkopfschl\u00e4ge des Schicksals sollte es mir jedoch verwehrt bleiben Journalismus studieren zu k\u00f6nnen, sodass mein berufliches Ich zu Stromberg 2.0 mutiert ist &#8211; eine Tatsache, mit der ich nicht minder gl\u00fccklich bin.<\/p>\n<hr \/>\n<p>Meine zweite gro\u00dfe Liebe ist die Musik, welche wohl verkn\u00fcpft ist mit meiner Verliebtheit in die literarische Sprache.<br \/>\nIch bin der Auffassung, dass Musik eine heilende, anr\u00fchrende Wirkung auf die Seele haben kann und die Sinne auf ihre eigene, ganz besondere Art und Weise streichelt.<\/p>\n<hr \/>\n<p>Ich bin ein Mensch der tausend Worte, so sehr ich mich bem\u00fche, habe ich es noch nie in meinem Leben geschafft, etwas &#8222;mal kurz&#8220; zu erz\u00e4hlen, die Ironie an dieser Sache ist, dass ich den ganzen Tag spreche, jedoch wirklich etwas sagen kann ich nur \u00fcber die Schrift.<\/p>\n<p>Ich empfinde sehr extrem.<br \/>\nSei es Ekel, Wut, Gl\u00fcck, Freude, Trauer, es ist mir nicht m\u00f6glich diese Empfindungen in einem normalen Ma\u00dfe zu versp\u00fcren.<br \/>\nWenn Wut in mir aufkommt, sp\u00fcre ich wie mein ganzer K\u00f6rper kitzelt, es f\u00fchlt sich beinahe so an, als w\u00fcrden Federn durch meine Adern flie\u00dfen.<br \/>\nWenn ich mich freue, empfinde ich das so stark, dass mir Tr\u00e4nen in die Augen steigen und ich f\u00fcr einen Moment sprachlos bin, dieser Moment beinhaltet jedoch wirklich nur eine \u00e4u\u00dferst kurze Lebenserwartung.<\/p>\n<hr \/>\n<p>Zu den Dingen, die ich liebe geh\u00f6rt die Bewegung, was in Anbetracht meines phlegmatischen K\u00f6rpers einem Wunder gleicht.<br \/>\nIch liebe es neue Wege zu gehen, w\u00e4hrend meine Ohrmuscheln von Oldschool-Hip Hop, meine wohl gr\u00f6\u00dfte Liebe, massiert werden.<br \/>\nIch liebe den Geruch von Sommer, wenn die warme Luft sich z\u00e4rtlich mit dem Geruch der bl\u00fchenden Blumen und der Holzkohle meiner grillenden Nachbarn paart.<br \/>\nIch liebe es zu dekorieren, eine Sache, welche ich von meinem Muttertier geerbt habe, hier kommt meine innere Tine Wittler zum Vorschein und ich versinke so tief in meinen Projekten, dass ich die Zeit zu vergessen vermag.<br \/>\nIch liebe Menschen, die meinen eigenwilligen, manchmal grenzwertigen Humor verstehen und diesen mit mir teilen.<br \/>\nIch liebe Pizza, ich liebe Pizza so sehr, dass ich vier Jahre lang ein Auto mit ihr geteilt und diese an hungrige M\u00e4uler geliefert habe.<br \/>\nMeine absolute Lieblingspizza ist belegt mit Sucuk, Thunfisch, frischen Tomaten, Mozzarella, scharfen Peperonis und Ananas.<br \/>\nIch verehre dieses Geb\u00e4ck (ist Pizza ein Geb\u00e4ck?) so sehr, dass ich mir mit ihr meine Zukunft mit Haus, Hund und Kindern planen w\u00fcrde, wenn ich es k\u00f6nnte. Jedoch bin ich in dieser Liebe etwas inkonsequent und es kommt manchmal vor, dass ich die Pizza mit einem Chilli-Cheese-Burger betr\u00fcge.<br \/>\nIch liebe Bier. Ich liebe Bier so sehr, dass ich die Pizza daf\u00fcr verlassen w\u00fcrde, wenn sie mir eine Eifersuchtsszene machen w\u00fcrde.<\/p>\n<p><img decoding=\"async\" loading=\"lazy\" class=\"wp-image-418 size-medium aligncenter\" src=\"https:\/\/www.adivida.de\/wp-content\/uploads\/2016\/06\/IMG_8007-300x300.jpeg\" alt=\"IMG_8007\" width=\"300\" height=\"300\" srcset=\"https:\/\/www.adivida.de\/wp-content\/uploads\/2016\/06\/IMG_8007-300x300.jpeg 300w, https:\/\/www.adivida.de\/wp-content\/uploads\/2016\/06\/IMG_8007-150x150.jpeg 150w, https:\/\/www.adivida.de\/wp-content\/uploads\/2016\/06\/IMG_8007-768x768.jpeg 768w, https:\/\/www.adivida.de\/wp-content\/uploads\/2016\/06\/IMG_8007-1024x1024.jpeg 1024w\" sizes=\"(max-width: 300px) 100vw, 300px\" \/><\/p>\n<p>Ich bin ein Tr\u00e4umer, weshalb ich es liebe zu schlafen. Ich tr\u00e4ume beinahe jede Nacht, was wahrscheinlich eine Reflektion meines kreischenden Hirnes ist. Ich schlafe jede Nacht mindestens acht Stunden und selbst nach dieser Dosis bin ich noch immer m\u00fcde. Ich k\u00f6nnte Wochen in meinem Bett verbringen, w\u00e4re das m\u00f6glich.<br \/>\nDu siehst, meine Leidenschaften sind die Nahrungsaufnahme und das Betten meines m\u00fcden Hauptes auf einem frisch bezogenen Kissen.<br \/>\nDiese Leidenschaften praktiziere ich seit Geburt an, meine Mama erz\u00e4hlt heute noch gerne, dass ich als Baby eigentlich nur geheult habe, wenn man mich geweckt hat, oder wenn ich Hunger hatte.<br \/>\nEs ist \u00fcbrigens bis heute noch so, dass ich zu einem gr\u00fcnen Wutmonster mutiere, wenn ich auf Grund von Hunger aus meinen Tr\u00e4umen gerissen werde.<br \/>\nApropos Wutmonster, eine weitere gro\u00dfe Leidenschaft ist der Fu\u00dfball, kombiniert mit Bier und einer Pizza, bedeutet Fu\u00dfball f\u00fcr mich das h\u00f6chste positiv empfindbare Gef\u00fchl. Da jedoch mein VfB ab der n\u00e4chsten Saison sich als Zweitligist alle Ehre macht, m\u00f6chte ich nun nicht weiter auf diese Thematik eingehen.<\/p>\n<p><img decoding=\"async\" loading=\"lazy\" class=\"alignnone wp-image-421 size-medium\" src=\"https:\/\/www.adivida.de\/wp-content\/uploads\/2016\/06\/IMG_8009-300x300.jpeg\" alt=\"IMG_8009\" width=\"300\" height=\"300\" srcset=\"https:\/\/www.adivida.de\/wp-content\/uploads\/2016\/06\/IMG_8009-300x300.jpeg 300w, https:\/\/www.adivida.de\/wp-content\/uploads\/2016\/06\/IMG_8009-150x150.jpeg 150w, https:\/\/www.adivida.de\/wp-content\/uploads\/2016\/06\/IMG_8009.jpeg 750w\" sizes=\"(max-width: 300px) 100vw, 300px\" \/><img decoding=\"async\" loading=\"lazy\" class=\"alignnone wp-image-420 size-medium\" src=\"https:\/\/www.adivida.de\/wp-content\/uploads\/2016\/06\/IMG_8008-204x300.jpg\" alt=\"IMG_8008\" width=\"204\" height=\"300\" srcset=\"https:\/\/www.adivida.de\/wp-content\/uploads\/2016\/06\/IMG_8008-204x300.jpg 204w, https:\/\/www.adivida.de\/wp-content\/uploads\/2016\/06\/IMG_8008-768x1128.jpg 768w, https:\/\/www.adivida.de\/wp-content\/uploads\/2016\/06\/IMG_8008-697x1024.jpg 697w, https:\/\/www.adivida.de\/wp-content\/uploads\/2016\/06\/IMG_8008.jpg 1089w\" sizes=\"(max-width: 204px) 100vw, 204px\" \/><\/p>\n<p>Meine letzte erw\u00e4hnenswerte Liebe ist das Reiten.<br \/>\nEin Leben ohne diesen &#8222;Sport&#8220; (die G\u00e4nsef\u00fc\u00dfchen sind hier angef\u00fcgt, da ich viel mehr in dieser Sache sehe, als ein Hobby) ist f\u00fcr mich nicht vorstellbar.<br \/>\nNichts k\u00f6nnte mich je mehr erf\u00fcllen, als den Atem meines Gef\u00e4hrten auf meiner Haut zu sp\u00fcren.<br \/>\nNichts macht mich gl\u00fccklicher, als das sanfte Wiehern, wenn ich das Tor zum Stall \u00f6ffne.<br \/>\nUnd ich schw\u00f6re, so wahr ich hier Bier trinke, ich w\u00fcrde mich ohne zu Z\u00f6gern in die Pizza- \/ Bierabstinenz st\u00fcrzen, h\u00e4tte ich mich zu entscheiden.<\/p>\n<p><img decoding=\"async\" loading=\"lazy\" class=\"alignnone wp-image-335 size-full\" src=\"https:\/\/www.adivida.de\/wp-content\/uploads\/2016\/04\/IMG_2194.png\" alt=\"IMG_2194\" width=\"960\" height=\"960\" srcset=\"https:\/\/www.adivida.de\/wp-content\/uploads\/2016\/04\/IMG_2194.png 960w, https:\/\/www.adivida.de\/wp-content\/uploads\/2016\/04\/IMG_2194-150x150.png 150w, https:\/\/www.adivida.de\/wp-content\/uploads\/2016\/04\/IMG_2194-300x300.png 300w, https:\/\/www.adivida.de\/wp-content\/uploads\/2016\/04\/IMG_2194-768x768.png 768w\" sizes=\"(max-width: 960px) 100vw, 960px\" \/><\/p>\n<hr \/>\n<p>Ich sch\u00e4tze, ein Steckbrief zu meiner Person h\u00e4tte es durchaus getan, aber wie irgendwann vor 940 W\u00f6rtern erw\u00e4hnt bin ich kein Mensch der wenigen Worte und du kannst mir eines glauben &#8211; mir fallen noch 940 weitere Worte ein.<\/p>\n<p>Danke f\u00fcr deine Aufmerksamkeit,<\/p>\n<p>Annika\u00a0<strong>\u2661<\/strong><\/p>\n","protected":false},"excerpt":{"rendered":"<p>Wie der Titel bereits selbsterkl\u00e4rend vorangeht, dreht es sich hier um den Menschen, der auf diesem Blog als Hobbyphilosoph der Neuzeit agiert. Ich habe in meinem Leben schon etliche Texte verfasst, aber \u00fcber mich selbst zu schreiben ist die wohl&#8230;<\/p>\n","protected":false},"author":1,"featured_media":416,"parent":0,"menu_order":0,"comment_status":"closed","ping_status":"closed","template":"","meta":[],"_links":{"self":[{"href":"https:\/\/www.adivida.de\/index.php?rest_route=\/wp\/v2\/pages\/412"}],"collection":[{"href":"https:\/\/www.adivida.de\/index.php?rest_route=\/wp\/v2\/pages"}],"about":[{"href":"https:\/\/www.adivida.de\/index.php?rest_route=\/wp\/v2\/types\/page"}],"author":[{"embeddable":true,"href":"https:\/\/www.adivida.de\/index.php?rest_route=\/wp\/v2\/users\/1"}],"replies":[{"embeddable":true,"href":"https:\/\/www.adivida.de\/index.php?rest_route=%2Fwp%2Fv2%2Fcomments&post=412"}],"version-history":[{"count":7,"href":"https:\/\/www.adivida.de\/index.php?rest_route=\/wp\/v2\/pages\/412\/revisions"}],"predecessor-version":[{"id":426,"href":"https:\/\/www.adivida.de\/index.php?rest_route=\/wp\/v2\/pages\/412\/revisions\/426"}],"wp:featuredmedia":[{"embeddable":true,"href":"https:\/\/www.adivida.de\/index.php?rest_route=\/wp\/v2\/media\/416"}],"wp:attachment":[{"href":"https:\/\/www.adivida.de\/index.php?rest_route=%2Fwp%2Fv2%2Fmedia&parent=412"}],"curies":[{"name":"wp","href":"https:\/\/api.w.org\/{rel}","templated":true}]}}